{"id":89,"date":"2018-01-26T12:27:42","date_gmt":"2018-01-26T12:27:42","guid":{"rendered":"https:\/\/www.gastonmercier.com\/blog\/?page_id=89"},"modified":"2018-01-26T16:46:44","modified_gmt":"2018-01-26T16:46:44","slug":"blog","status":"publish","type":"page","link":"https:\/\/www.gastonmercier.com\/blog\/blog\/","title":{"rendered":"Video"},"content":{"rendered":"<p class=\"p1\"><strong>&#8220;Le salaire \u00e0 vie&#8221; de Bernard Friot par Usul :<br \/>\n<\/strong><span class=\"s2\"><a href=\"https:\/\/www.youtube.com\/watch?v=uhg0SUYOXjw&amp;feature=share\">https:\/\/www.youtube.com\/watch?v=uhg0SUYOXjw&amp;feature=share<\/a><\/span><\/p>\n<p><strong>&#8220;Vaincre Macron&#8221; de Bernard Friot entretien avec Judith Bernard<br \/>\n<\/strong><span class=\"s1\"><a href=\"http:\/\/www.hors-serie.net\/Dans-le-Texte\/2017-09-16\/Vaincre-Macron-id263\">http:\/\/www.hors-serie.net\/Dans-le-Texte\/2017-09-16\/Vaincre-Macron-id263<br \/>\n<\/a><\/span><span class=\"s2\">Je suis abonn\u00e9 voici le code\u00a0d\u2019acc\u00e8s :<br \/>\n<\/span><span class=\"s3\">email abonn\u00e9 : <a href=\"mailto:gilles@gastonmercier.com\"><span class=\"s4\">gilles@gastonmercier.com<br \/>\n<\/span><\/a><\/span><span class=\"s2\">mot de passe : macron2017<\/span><\/p>\n<p class=\"p1\"><span class=\"s1\"><b>La Sociale ! l\u2019histoire oubli\u00e9e de la S\u00e9curit\u00e9 sociale :<br \/>\n<\/b><\/span><span class=\"s2\">voil\u00e0 le lien :\u00a0<a href=\"https:\/\/www.youtube.com\/watch?v=ZdrMeTYQh5s\"><span class=\"s3\">https:\/\/www.youtube.com\/watch?v=ZdrMeTYQh5s<\/span><\/a><\/span><\/p>\n<p class=\"p1\"><span class=\"s1\"><b>Les Jours Heureux <\/b>&#8211; Conseil National de la R\u00e9sistance (<b>Gilles Perret<\/b>) qui a aussi r\u00e9alis\u00e9 <b>La Sociale<\/b> :<br \/>\n<a href=\"https:\/\/www.youtube.com\/watch?v=VjQR3Ef0VOM\"><span class=\"s2\">https:\/\/www.youtube.com\/watch?v=VjQR3Ef0VOM<br \/>\n<\/span><\/a><\/span><span class=\"s3\"><b>Les Jours Heureux ( Bonus)<\/b> :<br \/>\n<a href=\"https:\/\/www.youtube.com\/watch?v=N1RLeiEojY4\"><span class=\"s4\">https:\/\/www.youtube.com\/watch?v=N1RLeiEojY4<\/span><\/a><\/span><\/p>\n<p>&nbsp;<\/p>\n","protected":false},"excerpt":{"rendered":"<p>&#8220;Le salaire \u00e0 vie&#8221; de Bernard Friot par Usul : https:\/\/www.youtube.com\/watch?v=uhg0SUYOXjw&amp;feature=share &#8220;Vaincre Macron&#8221; de Bernard Friot entretien avec Judith Bernard http:\/\/www.hors-serie.net\/Dans-le-Texte\/2017-09-16\/Vaincre-Macron-id263 Je suis abonn\u00e9 voici le code\u00a0d\u2019acc\u00e8s : email abonn\u00e9 : gilles@gastonmercier.com mot de passe : macron2017 La Sociale ! l\u2019histoire oubli\u00e9e de la S\u00e9curit\u00e9 sociale : voil\u00e0 le lien :\u00a0https:\/\/www.youtube.com\/watch?v=ZdrMeTYQh5s Les Jours Heureux &#8211;&#8230; <\/p>\n<div class=\"link-more\"><a href=\"https:\/\/www.gastonmercier.com\/blog\/blog\/\">Read More<\/a><\/div>\n","protected":false},"author":1,"featured_media":0,"parent":0,"menu_order":0,"comment_status":"closed","ping_status":"closed","template":"","meta":{"jetpack_post_was_ever_published":false,"footnotes":""},"class_list":["post-89","page","type-page","status-publish","hentry"],"jetpack_sharing_enabled":true,"jetpack_shortlink":"https:\/\/wp.me\/P9Bby5-1r","_links":{"self":[{"href":"https:\/\/www.gastonmercier.com\/blog\/wp-json\/wp\/v2\/pages\/89","targetHints":{"allow":["GET"]}}],"collection":[{"href":"https:\/\/www.gastonmercier.com\/blog\/wp-json\/wp\/v2\/pages"}],"about":[{"href":"https:\/\/www.gastonmercier.com\/blog\/wp-json\/wp\/v2\/types\/page"}],"author":[{"embeddable":true,"href":"https:\/\/www.gastonmercier.com\/blog\/wp-json\/wp\/v2\/users\/1"}],"replies":[{"embeddable":true,"href":"https:\/\/www.gastonmercier.com\/blog\/wp-json\/wp\/v2\/comments?post=89"}],"version-history":[{"count":4,"href":"https:\/\/www.gastonmercier.com\/blog\/wp-json\/wp\/v2\/pages\/89\/revisions"}],"predecessor-version":[{"id":113,"href":"https:\/\/www.gastonmercier.com\/blog\/wp-json\/wp\/v2\/pages\/89\/revisions\/113"}],"wp:attachment":[{"href":"https:\/\/www.gastonmercier.com\/blog\/wp-json\/wp\/v2\/media?parent=89"}],"curies":[{"name":"wp","href":"https:\/\/api.w.org\/{rel}","templated":true}]}}